[INFO] cloning repository https://github.com/afaur/sfml-tiny-taco
[INFO] running `Command { std: "git" "-c" "credential.helper=" "-c" "credential.helper=/workspace/cargo-home/bin/git-credential-null" "clone" "--bare" "https://github.com/afaur/sfml-tiny-taco" "/workspace/cache/git-repos/https%3A%2F%2Fgithub.com%2Fafaur%2Fsfml-tiny-taco", kill_on_drop: false }`
[INFO] [stderr] Cloning into bare repository '/workspace/cache/git-repos/https%3A%2F%2Fgithub.com%2Fafaur%2Fsfml-tiny-taco'...
[INFO] running `Command { std: "git" "rev-parse" "HEAD", kill_on_drop: false }`
[INFO] [stdout] 92b4b6ff26ee6359a19c57f2919838ef1e9192c7
[INFO] checking afaur/sfml-tiny-taco against try#72f88fc4e9458f89516a0b8b0868f3718aec5b47 for pr-74989
[INFO] running `Command { std: "git" "clone" "/workspace/cache/git-repos/https%3A%2F%2Fgithub.com%2Fafaur%2Fsfml-tiny-taco" "/workspace/builds/worker-6/source", kill_on_drop: false }`
[INFO] [stderr] Cloning into '/workspace/builds/worker-6/source'...
[INFO] [stderr] done.
[INFO] validating manifest of git repo https://github.com/afaur/sfml-tiny-taco on toolchain 72f88fc4e9458f89516a0b8b0868f3718aec5b47
[INFO] running `Command { std: "/workspace/cargo-home/bin/cargo" "+72f88fc4e9458f89516a0b8b0868f3718aec5b47" "read-manifest" "--manifest-path" "Cargo.toml", kill_on_drop: false }`
[INFO] started tweaking git repo https://github.com/afaur/sfml-tiny-taco
[INFO] removed path dependency sfml from git repo https://github.com/afaur/sfml-tiny-taco
[INFO] finished tweaking git repo https://github.com/afaur/sfml-tiny-taco
[INFO] tweaked toml for git repo https://github.com/afaur/sfml-tiny-taco written to /workspace/builds/worker-6/source/Cargo.toml
[INFO] crate git repo https://github.com/afaur/sfml-tiny-taco already has a lockfile, it will not be regenerated
[INFO] running `Command { std: "/workspace/cargo-home/bin/cargo" "+72f88fc4e9458f89516a0b8b0868f3718aec5b47" "fetch" "--locked" "--manifest-path" "Cargo.toml", kill_on_drop: false }`
[INFO] [stderr] warning: dependency (sfml) specified without providing a local path, Git repository, or version to use. This will be considered an error in future versions
[INFO] [stderr]     Updating crates.io index
[INFO] [stderr] error: the lock file /workspace/builds/worker-6/source/Cargo.lock needs to be updated but --locked was passed to prevent this
[INFO] [stderr] If you want to try to generate the lock file without accessing the network, use the --offline flag.
[INFO] the lockfile is outdated, regenerating it
[INFO] running `Command { std: "/workspace/cargo-home/bin/cargo" "+72f88fc4e9458f89516a0b8b0868f3718aec5b47" "generate-lockfile" "--manifest-path" "Cargo.toml" "-Zno-index-update", kill_on_drop: false }`
[INFO] running `Command { std: "/workspace/cargo-home/bin/cargo" "+72f88fc4e9458f89516a0b8b0868f3718aec5b47" "fetch" "--locked" "--manifest-path" "Cargo.toml", kill_on_drop: false }`
[INFO] [stderr] warning: dependency (sfml) specified without providing a local path, Git repository, or version to use. This will be considered an error in future versions
[INFO] [stderr]  Downloading crates ...
[INFO] [stderr]   Downloaded csfml-graphics-sys v0.5.0
[INFO] [stderr]   Downloaded csfml-audio-sys v0.5.0
[INFO] [stderr]   Downloaded csfml-window-sys v0.5.0
[INFO] [stderr]   Downloaded sfml v0.15.1
[INFO] [stderr]   Downloaded sfml-build v0.3.0
[INFO] [stderr]   Downloaded csfml-system-sys v0.5.0
[INFO] running `Command { std: "docker" "create" "-v" "/var/lib/crater-agent-workspace/builds/worker-6/target:/opt/rustwide/target:rw,Z" "-v" "/var/lib/crater-agent-workspace/builds/worker-6/source:/opt/rustwide/workdir:ro,Z" "-v" "/var/lib/crater-agent-workspace/cargo-home:/opt/rustwide/cargo-home:ro,Z" "-v" "/var/lib/crater-agent-workspace/rustup-home:/opt/rustwide/rustup-home:ro,Z" "-e" "SOURCE_DIR=/opt/rustwide/workdir" "-e" "CARGO_TARGET_DIR=/opt/rustwide/target" "-e" "CARGO_HOME=/opt/rustwide/cargo-home" "-e" "RUSTUP_HOME=/opt/rustwide/rustup-home" "-w" "/opt/rustwide/workdir" "-m" "1610612736" "--user" "0:0" "--network" "none" "rustops/crates-build-env@sha256:d92eaeed33fa75130ca1ee6c8a01d1ffb62bac859dfdfb3450e3e5d1c0146529" "/opt/rustwide/cargo-home/bin/cargo" "+72f88fc4e9458f89516a0b8b0868f3718aec5b47" "metadata" "--no-deps" "--format-version=1", kill_on_drop: false }`
[INFO] [stdout] 8023986595c51294f384bc8b22ee71c8241d7cef6d50be7b6555d86350ccedde
[INFO] [stderr] WARNING: Your kernel does not support swap limit capabilities or the cgroup is not mounted. Memory limited without swap.
[INFO] running `Command { std: "docker" "start" "-a" "8023986595c51294f384bc8b22ee71c8241d7cef6d50be7b6555d86350ccedde", kill_on_drop: false }`
[INFO] running `Command { std: "docker" "inspect" "8023986595c51294f384bc8b22ee71c8241d7cef6d50be7b6555d86350ccedde", kill_on_drop: false }`
[INFO] running `Command { std: "docker" "rm" "-f" "8023986595c51294f384bc8b22ee71c8241d7cef6d50be7b6555d86350ccedde", kill_on_drop: false }`
[INFO] [stdout] 8023986595c51294f384bc8b22ee71c8241d7cef6d50be7b6555d86350ccedde
[INFO] running `Command { std: "docker" "create" "-v" "/var/lib/crater-agent-workspace/builds/worker-6/target:/opt/rustwide/target:rw,Z" "-v" "/var/lib/crater-agent-workspace/builds/worker-6/source:/opt/rustwide/workdir:ro,Z" "-v" "/var/lib/crater-agent-workspace/cargo-home:/opt/rustwide/cargo-home:ro,Z" "-v" "/var/lib/crater-agent-workspace/rustup-home:/opt/rustwide/rustup-home:ro,Z" "-e" "SOURCE_DIR=/opt/rustwide/workdir" "-e" "CARGO_TARGET_DIR=/opt/rustwide/target" "-e" "CARGO_INCREMENTAL=0" "-e" "RUST_BACKTRACE=full" "-e" "RUSTFLAGS=--cap-lints=forbid" "-e" "CARGO_HOME=/opt/rustwide/cargo-home" "-e" "RUSTUP_HOME=/opt/rustwide/rustup-home" "-w" "/opt/rustwide/workdir" "-m" "1610612736" "--user" "0:0" "--network" "none" "rustops/crates-build-env@sha256:d92eaeed33fa75130ca1ee6c8a01d1ffb62bac859dfdfb3450e3e5d1c0146529" "/opt/rustwide/cargo-home/bin/cargo" "+72f88fc4e9458f89516a0b8b0868f3718aec5b47" "check" "--frozen" "--all" "--all-targets" "--message-format=json", kill_on_drop: false }`
[INFO] [stderr] WARNING: Your kernel does not support swap limit capabilities or the cgroup is not mounted. Memory limited without swap.
[INFO] [stdout] b330718181b506acfec27763e9b84bec4f68666a77f77a265463e1027b307984
[INFO] running `Command { std: "docker" "start" "-a" "b330718181b506acfec27763e9b84bec4f68666a77f77a265463e1027b307984", kill_on_drop: false }`
[INFO] [stderr] warning: dependency (sfml) specified without providing a local path, Git repository, or version to use. This will be considered an error in future versions
[INFO] [stderr]    Compiling sfml-build v0.3.0
[INFO] [stderr]     Checking widestring v0.4.2
[INFO] [stderr]    Compiling csfml-system-sys v0.5.0
[INFO] [stderr]    Compiling csfml-window-sys v0.5.0
[INFO] [stderr]    Compiling csfml-audio-sys v0.5.0
[INFO] [stderr]    Compiling csfml-graphics-sys v0.5.0
[INFO] [stderr]     Checking sfml v0.15.1
[INFO] [stderr]     Checking sfml-tiny-taco v0.1.0 (/opt/rustwide/workdir)
[INFO] [stdout] error[E0432]: unresolved import `sfml::window::window_style`
[INFO] [stdout]  --> src/main.rs:7:43
[INFO] [stdout]   |
[INFO] [stdout] 7 | use sfml::window::{Key, VideoMode, Event, window_style};
[INFO] [stdout]   |                                           ^^^^^^^^^^^^ no `window_style` in `window`
[INFO] [stdout] 
[INFO] [stdout] 
[INFO] [stdout] warning: unused `#[macro_use]` import
[INFO] [stdout]  --> src/main.rs:2:1
[INFO] [stdout]   |
[INFO] [stdout] 2 | #[macro_use]
[INFO] [stdout]   | ^^^^^^^^^^^^
[INFO] [stdout]   |
[INFO] [stdout]   = note: `#[warn(unused_imports)]` on by default
[INFO] [stdout] 
[INFO] [stdout] 
[INFO] [stdout] warning: unused import: `sfml::graphics::Transformable`
[INFO] [stdout]  --> src/main.rs:8:5
[INFO] [stdout]   |
[INFO] [stdout] 8 | use sfml::graphics::Transformable;
[INFO] [stdout]   |     ^^^^^^^^^^^^^^^^^^^^^^^^^^^^^
[INFO] [stdout] 
[INFO] [stdout] 
[INFO] [stdout] error[E0432]: unresolved import `sfml::window::window_style`
[INFO] [stdout]  --> src/main.rs:7:43
[INFO] [stdout]   |
[INFO] [stdout] 7 | use sfml::window::{Key, VideoMode, Event, window_style};
[INFO] [stdout]   |                                           ^^^^^^^^^^^^ no `window_style` in `window`
[INFO] [stdout] 
[INFO] [stdout] 
[INFO] [stdout] warning: unused `#[macro_use]` import
[INFO] [stdout]  --> src/main.rs:2:1
[INFO] [stdout]   |
[INFO] [stdout] 2 | #[macro_use]
[INFO] [stdout]   | ^^^^^^^^^^^^
[INFO] [stdout]   |
[INFO] [stdout]   = note: `#[warn(unused_imports)]` on by default
[INFO] [stdout] 
[INFO] [stdout] 
[INFO] [stdout] warning: unused import: `sfml::graphics::Transformable`
[INFO] [stdout]  --> src/main.rs:8:5
[INFO] [stdout]   |
[INFO] [stdout] 8 | use sfml::graphics::Transformable;
[INFO] [stdout]   |     ^^^^^^^^^^^^^^^^^^^^^^^^^^^^^
[INFO] [stdout] 
[INFO] [stdout] 
[INFO] [stdout] error[E0599]: no function or associated item named `new_init` found for struct `VideoMode` in the current scope
[INFO] [stdout]   --> src/main.rs:15:20
[INFO] [stdout]    |
[INFO] [stdout] 15 |         VideoMode::new_init(800, 600, 32),
[INFO] [stdout]    |                    ^^^^^^^^ function or associated item not found in `VideoMode`
[INFO] [stdout] 
[INFO] [stdout] 
[INFO] [stdout] error[E0599]: no method named `unwrap` found for struct `RenderWindow` in the current scope
[INFO] [stdout]   --> src/main.rs:19:7
[INFO] [stdout]    |
[INFO] [stdout] 19 |     ).unwrap();
[INFO] [stdout]    |       ^^^^^^ method not found in `RenderWindow`
[INFO] [stdout] 
[INFO] [stdout] 
[INFO] [stdout] error[E0599]: no function or associated item named `new_from_file` found for struct `Font` in the current scope
[INFO] [stdout]   --> src/main.rs:25:27
[INFO] [stdout]    |
[INFO] [stdout] 25 |     let taco_font = Font::new_from_file("resources/sansation.ttf").unwrap();
[INFO] [stdout]    |                           ^^^^^^^^^^^^^
[INFO] [stdout]    |                           |
[INFO] [stdout]    |                           function or associated item not found in `Font`
[INFO] [stdout]    |                           help: there is an associated function with a similar name: `from_file`
[INFO] [stdout] 
[INFO] [stdout] 
[INFO] [stdout] error[E0599]: no function or associated item named `new_init` found for struct `Text<'_>` in the current scope
[INFO] [stdout]   --> src/main.rs:26:27
[INFO] [stdout]    |
[INFO] [stdout] 26 |     let taco_text = Text::new_init("Tiny Taco Team", &taco_font, 50).unwrap();
[INFO] [stdout]    |                           ^^^^^^^^ function or associated item not found in `Text<'_>`
[INFO] [stdout] 
[INFO] [stdout] 
[INFO] [stdout] error[E0599]: no function or associated item named `new_from_file` found for struct `Texture` in the current scope
[INFO] [stdout]   --> src/main.rs:29:33
[INFO] [stdout]    |
[INFO] [stdout] 29 |     let taco_texture = Texture::new_from_file("resources/taco.png").unwrap();
[INFO] [stdout]    |                                 ^^^^^^^^^^^^^
[INFO] [stdout]    |                                 |
[INFO] [stdout]    |                                 function or associated item not found in `Texture`
[INFO] [stdout]    |                                 help: there is an associated function with a similar name: `from_file`
[INFO] [stdout] 
[INFO] [stdout] 
[INFO] [stdout] error[E0599]: no method named `unwrap` found for struct `Sprite<'_>` in the current scope
[INFO] [stdout]   --> src/main.rs:32:41
[INFO] [stdout]    |
[INFO] [stdout] 32 |     let mut taco_sprite = Sprite::new().unwrap();
[INFO] [stdout]    |                                         ^^^^^^ method not found in `Sprite<'_>`
[INFO] [stdout] 
[INFO] [stdout] 
[INFO] [stdout] error[E0599]: no function or associated item named `black` found for struct `Color` in the current scope
[INFO] [stdout]   --> src/main.rs:50:30
[INFO] [stdout]    |
[INFO] [stdout] 50 |         window.clear(&Color::black());
[INFO] [stdout]    |                              ^^^^^ function or associated item not found in `Color`
[INFO] [stdout] 
[INFO] [stdout] 
[INFO] [stdout] warning: unused import: `RenderTarget`
[INFO] [stdout]  --> src/main.rs:6:58
[INFO] [stdout]   |
[INFO] [stdout] 6 | use sfml::graphics::{Sprite, Texture, Font, Text, Color, RenderTarget, RenderWindow};
[INFO] [stdout]   |                                                          ^^^^^^^^^^^^
[INFO] [stdout] 
[INFO] [stdout] 
[INFO] [stdout] error: aborting due to 8 previous errors; 3 warnings emitted
[INFO] [stdout] 
[INFO] [stdout] 
[INFO] [stdout] Some errors have detailed explanations: E0432, E0599.
[INFO] [stdout] 
[INFO] [stdout] For more information about an error, try `rustc --explain E0432`.
[INFO] [stdout] 
[INFO] [stderr] error: could not compile `sfml-tiny-taco`.
[INFO] [stderr] 
[INFO] [stderr] To learn more, run the command again with --verbose.
[INFO] [stderr] warning: build failed, waiting for other jobs to finish...
[INFO] [stdout] error[E0599]: no function or associated item named `new_init` found for struct `VideoMode` in the current scope
[INFO] [stdout]   --> src/main.rs:15:20
[INFO] [stdout]    |
[INFO] [stdout] 15 |         VideoMode::new_init(800, 600, 32),
[INFO] [stdout]    |                    ^^^^^^^^ function or associated item not found in `VideoMode`
[INFO] [stdout] 
[INFO] [stdout] 
[INFO] [stdout] error[E0599]: no method named `unwrap` found for struct `RenderWindow` in the current scope
[INFO] [stdout]   --> src/main.rs:19:7
[INFO] [stdout]    |
[INFO] [stdout] 19 |     ).unwrap();
[INFO] [stdout]    |       ^^^^^^ method not found in `RenderWindow`
[INFO] [stdout] 
[INFO] [stdout] 
[INFO] [stdout] error[E0599]: no function or associated item named `new_from_file` found for struct `Font` in the current scope
[INFO] [stdout]   --> src/main.rs:25:27
[INFO] [stdout]    |
[INFO] [stdout] 25 |     let taco_font = Font::new_from_file("resources/sansation.ttf").unwrap();
[INFO] [stdout]    |                           ^^^^^^^^^^^^^
[INFO] [stdout]    |                           |
[INFO] [stdout]    |                           function or associated item not found in `Font`
[INFO] [stdout]    |                           help: there is an associated function with a similar name: `from_file`
[INFO] [stdout] 
[INFO] [stdout] 
[INFO] [stdout] error[E0599]: no function or associated item named `new_init` found for struct `Text<'_>` in the current scope
[INFO] [stdout]   --> src/main.rs:26:27
[INFO] [stdout]    |
[INFO] [stdout] 26 |     let taco_text = Text::new_init("Tiny Taco Team", &taco_font, 50).unwrap();
[INFO] [stdout]    |                           ^^^^^^^^ function or associated item not found in `Text<'_>`
[INFO] [stdout] 
[INFO] [stdout] 
[INFO] [stdout] error[E0599]: no function or associated item named `new_from_file` found for struct `Texture` in the current scope
[INFO] [stdout]   --> src/main.rs:29:33
[INFO] [stdout]    |
[INFO] [stdout] 29 |     let taco_texture = Texture::new_from_file("resources/taco.png").unwrap();
[INFO] [stdout]    |                                 ^^^^^^^^^^^^^
[INFO] [stdout]    |                                 |
[INFO] [stdout]    |                                 function or associated item not found in `Texture`
[INFO] [stdout]    |                                 help: there is an associated function with a similar name: `from_file`
[INFO] [stdout] 
[INFO] [stdout] 
[INFO] [stdout] error[E0599]: no method named `unwrap` found for struct `Sprite<'_>` in the current scope
[INFO] [stdout]   --> src/main.rs:32:41
[INFO] [stdout]    |
[INFO] [stdout] 32 |     let mut taco_sprite = Sprite::new().unwrap();
[INFO] [stdout]    |                                         ^^^^^^ method not found in `Sprite<'_>`
[INFO] [stdout] 
[INFO] [stdout] 
[INFO] [stdout] error[E0599]: no function or associated item named `black` found for struct `Color` in the current scope
[INFO] [stdout]   --> src/main.rs:50:30
[INFO] [stdout]    |
[INFO] [stdout] 50 |         window.clear(&Color::black());
[INFO] [stdout]    |                              ^^^^^ function or associated item not found in `Color`
[INFO] [stdout] 
[INFO] [stdout] 
[INFO] [stdout] warning: unused import: `RenderTarget`
[INFO] [stdout]  --> src/main.rs:6:58
[INFO] [stdout]   |
[INFO] [stdout] 6 | use sfml::graphics::{Sprite, Texture, Font, Text, Color, RenderTarget, RenderWindow};
[INFO] [stdout]   |                                                          ^^^^^^^^^^^^
[INFO] [stdout] 
[INFO] [stdout] 
[INFO] [stdout] error: aborting due to 8 previous errors; 3 warnings emitted
[INFO] [stdout] 
[INFO] [stdout] 
[INFO] [stdout] Some errors have detailed explanations: E0432, E0599.
[INFO] [stdout] 
[INFO] [stdout] For more information about an error, try `rustc --explain E0432`.
[INFO] [stdout] 
[INFO] [stderr] error: build failed
[INFO] running `Command { std: "docker" "inspect" "b330718181b506acfec27763e9b84bec4f68666a77f77a265463e1027b307984", kill_on_drop: false }`
[INFO] running `Command { std: "docker" "rm" "-f" "b330718181b506acfec27763e9b84bec4f68666a77f77a265463e1027b307984", kill_on_drop: false }`
[INFO] [stdout] b330718181b506acfec27763e9b84bec4f68666a77f77a265463e1027b307984
